l**6 + 8*l - 1/6*l**4 + 0 + 0*l**3. Let m(i) be the third derivative of o(i). Give m(-2).
4
Let k(h) = -3*h**2 - 4. Let a be (10 - (-9 + 10))*(-2)/6. Let y(x) = -5*x**2 - x - 4. Let b(d) = a*k(d) + 2*y(d). Determine b(-4).
-4
Let j(w) = -43*w + 321. Let a be j(6). Suppose a*o = 64*o - 2. Let i(f) be the second derivative of -f**4/6 - f**3/6 + f**2 + f. Determine i(o).
-8
Let z(l) be the first derivative of -3 + 1/3*l**3 - 5*l + 5/2*l**2. What is z(-7)?
9
Suppose 0*n + 2*n + 5*m = 1303, 3*m + 1263 = 2*n. Let l = -635 + n. Let u(f) = f + 4. Determine u(l).
8
Let t = -41 + 43. Let m(i) be the first derivative of i**3 - i**2 + 3*i + 567. Give m(t).
11
Let u(c) be the second derivative of -4*c**5/5 - c**4/6 + c**2/2 - 9270*c. Let i = -3 - -4. Determine u(i).
-17
Let s be 35*-1*(-13)/65. Let b(l) = l**3 - 7*l**2 + 2*l - 20. What is b(s)?
-6
Let h(b) = 546343*b**3 - 3*b**2 - 546344*b**3 - b - 3*b**2 - 6. Calculate h(-6).
0
Let a(p) be the third derivative of p**4/6 + p**3 - 2757*p**2. Let t(l) = -8*l + 4 - 4 + l**2 + 2*l. Let c be t(5). What is a(c)?
-14
Suppose -4*f - 9 = 3. Let n(l) = -5*l**2 - 13 - 6*l + 14*l - 11*l. Let p(m) = m**2 + m + 2. Let g(z) = -n(z) - 6*p(z). Give g(f).
1
Let w(v) = -5*v - 12. Let l be ((-28)/48)/(-7) - 170/24. Give w(l).
23
Let j(y) be the first derivative of 2*y**3/3 + 69*y**2/2 - 98*y - 5183. Determine j(-36).
10
Let f(j) = -j - 11. Let n(p) = 55. Let a(h) = -6*f(h) - 2*n(h). Give a(6).
-8
Let a(v) be the first derivative of -v**3 + 46 + 24*v + 5/2*v**2 + 1/12*v**4. Let h(n) be the first derivative of a(n). Give h(6).
5
Let z = 3 - 0. Suppose 9 = z*d - 21. Suppose 3*o + d = -5. Let s(b) = b**2 + 6*b - 1. Determine s(o).
-6
Let k(w) = -w**2 + 11*w + 29. Let n be 9 - (-19)/((-266)/168). Give k(n).
-13
Let o = -3186 - -3187. Let g(k) = -21*k - 1. Give g(o).
-22
Let y(t) be the second derivative of t**6/120 + t**5/12 + t**4/8 + t**3/6 + 87*t**2/2 + 2*t + 23. Let r(n) be the first derivative of y(n). Give r(-4).
5
Let b(h) = -120*h**3 - 8*h**2 - 4*h - 2. Let z(c) = -209*c**3 - 13*c**2 - 7*c - 3. Let d(x) = 5*b(x) - 3*z(x). Let l = 2 - 1. Give d(l).
26
Let s(q) be the first derivative of -q**4/4 - q**3 + q**2 + 3*q - 5. Let n = -79 + 96. Suppose 0 = 4*v + n - 9. What is s(v)?
-5
Let w(s) be the first derivative of s**4/4 - 10*s**3/3 + 21*s**2/2 + 12*s - 50. Let r be w(6). Let i(j) = j**3 + 5*j**2 - 6*j + 4. Determine i(r).
4
Let x(o) be the third derivative of o**6/120 + 3*o**5/20 + 5*o**4/24 + 5*o**3/6 - 2352*o**2. Determine x(-9).
-40
Let i = 187 + -45. Suppose 2*u - 122 = -i. Let n(d) = -d**3 - 11*d**2 - 10*d + 1. Give n(u).
1
Let f(u) = u**3 - 9*u**2 + 18*u - 7. Let h be f(6). Let r be (-14)/8*(h - (-12 - -9)). Let l(w) = -w**2 + 6*w + 5. Give l(r).
-2
Let s = 5959 - 5983. Let l(o) = o + 25. Determine l(s).
1
Let w(m) = -337 + 1017 - 337 + 8*m**2 + m**3 + 9*m - 350. Calculate w(-7).
-21
Let a(c) = -8127*c - 4*c**2 + 3*c**2 - 1 + 8104*c. What is a(-23)?
-1
Let a(y) = -175*y - 705. Let w be a(-4). Let h(f) be the first derivative of -1/3*f**3 - 3*f**2 + 6*f + 2. Calculate h(w).
11
Let b(h) = -10 - h + 17 - 6. Suppose -5*v - 2*j - 49 = 0, -4*v + 6*v + 4*j = -26. Determine b(v).
10
Let s(c) = 14*c + 6. Let u(g) = g**3 - 25*g**2 + 117*g - 16. Let j be u(6). Give s(j).
34
Let a(b) be the second derivative of -5*b**3/6 - b**2/2 - b. Let u be 3 - 11 - (7 - (15 + -7)). Let d be 760/180 - (u/9 + 1). Determine a(d).
-21
Let d(s) = -s**2 - 10*s - 47. Suppose 774 + 803 = -273*a - 607. Calculate d(a).
-31
Let f(x) = x**2 + x**3 - 19245 + 9633 + 9635 + 4*x. What is f(-3)?
-7
Let n(x) = -x**3 - 17*x**2 - 14*x + 12. Suppose z + c + 12 = 0, -4*z - 19*c + 21*c - 72 = 0. Give n(z).
-20
Let a(w) = -63*w + 131. Let c(i) = 184*i - 397. Let j(h) = -8*a(h) - 3*c(h). Calculate j(3).
-1
Suppose 251 = 5*z + 4*j - 0*j, 3*z - 161 = -5*j. Let s(v) = 3*v**3 - v - 63*v**2 + z*v**2 + 16*v**2. Give s(-1).
-2
Let k(p) = 12*p**2 - 2*p + 1. Let y(o) = o**2 + 15*o - 70. Let n be y(4). Let q(x) = -x - 1 - 1 + 9. Let g be q(n). Give k(g).
11
Let g(t) = 10*t**3 - t**2 - 2*t + 3. Let l(j) = 9*j**3 - j**2 - 2*j + 3. Let q(u) = -3*g(u) + 4*l(u). Suppose -65 + 489 = 212*b. Give q(b).
43
Suppose 9*d - 298 = 287. Suppose -d*q = -56*q + 72. Let o(j) = -j + 1. Determine o(q).
9
Let g(o) = -37 + 71 - 26 + o. Let x = 3 - -22. Let m = x + -33. Give g(m).
0
Suppose 0 = -4*w + 5*h + 28, -4*w = -4*h + 14 - 38. Let p(r) be the first derivative of 6 + 1/2*r**w - 3*r. Give p(7).
4
Let d(z) = z**3 + 4*z**2 + 4*z + 1. Let g be d(-3). Let a(l) = -1 - 2 - 1 - 41*l + 2 + 38*l. Determine a(g).
4
Suppose 0 = -10*g + r - 22, -4*g - 15*r = -12*r + 2. Let x(u) = 26*u**2. Give x(g).
104
Let j(y) = -15*y + 33. Let c(k) = -8*k + 17. Let x(z) = -11*c(z) + 6*j(z). Give x(-9).
29
Let p be -7*(-1 - 24/(-42)). Let m(r) = r**2 - 4*r + 10. Give m(p).
7
Let x(i) be the second derivative of 0 + 1/2*i**2 + 34*i - 1/2*i**4 - 1/6*i**3. Calculate x(1).
-6
Let p(m) be the second derivative of -m**5/20 + m**4/3 + 5*m**3/6 + m**2 + 14*m + 17. Calculate p(5).
2
Let s(k) be the third derivative of k**4/2 - k**3/6 - 4991*k**2. Calculate s(-9).
-109
Suppose 4*u + 9 = 3*i, 57*u = 58*u + 3*i - 9. Let g(r) be the third derivative of 1/60*r**5 - 1/24*r**4 + 20*r**2 + 1/6*r**3 + 0 + u*r. What is g(4)?
13
Let l(m) = -m**2 - m - 11. Let b(o) = -9*o - 44. Let w(v) = -b(v) + 3*l(v). Determine w(-2).
-13
Let d = -832 + 854. Let u(g) = -11*g**3 - 73*g**2 - 3*g + 55. Let k(y) = -8*y**3 - 49*y**2 - 2*y + 37. Let s(c) = -7*k(c) + 5*u(c). Calculate s(d).
-6
Suppose j + 16 = 4*j + r, -2*j + 3*r - 4 = 0. Let n be (6/(-4))/((-2)/j). Let o(b) = -4*b**2 + n*b**2 - 260*b + 266*b. Give o(6).
0
Suppose 0 = 4*i - 4*p + 69 - 65, 2*i - 4*p = 2. Let r(h) = -7*h - 9. What is r(i)?
12
Let k = 2025 - 2028. Let v(y) = y**3 + 10*y**2 + 10*y + 3. What is v(k)?
36
Let z(x) = -13*x + 4. Suppose 2*b + 39 = 2*y + 33, -3*y = 2*b + 1. Calculate z(y).
-9
Let v(c) = -c**3 + 3*c**2 - 2. Let l be v(2). Let f(k) = 72*k**2 + 29*k - 4. Let z be f(-15). Let s(m) = 3*m + 15761 - z. Give s(l).
6
Suppose -1195*l + 1184*l - 53 - 79 = 0. Let k(t) be the third derivative of 0*t + 17/6*t**3 - 5/12*t**4 + 0 + 3*t**2 - 1/60*t**5. Determine k(l).
-7
Let q = 413 + -411. Let d(b) = -b + b - b**q - 20*b - 6 + 6*b + 7*b. What is d(-5)?
4
Suppose 0 = -8*w - 19 - 21. Let p(m) = 3*m - 25. Let j(y) = y - 12. Let d(a) = w*j(a) + 2*p(a). What is d(-7)?
3
Let v = -67 + 67. Suppose 0 = 2*z + z, v = -3*y + 4*z + 6. Let h(f) = -f**3 + 3*f - 2. Determine h(y).
-4
Let b be (-1)/(((-225)/(-36))/25). Let a(j) = -j**2 - 19*j - 59. Determine a(b).
1
Let y(n) be the first derivative of 7*n**2 + 7*n - 1638. Determine y(-3).
-35
Let x(j) = -2*j**2 + 2*j. Let c(l) = l**2 + 15*l + 46. Let d be c(-11). Suppose -5*z + 50 = -2*b, 4*b - 20 = -d*z - 0*b. Suppose 2*v = -3*v + z. Determine x(v).
-4
Suppose 39*r - 16 = 62. Let t(c) = 1312*c**2 - 1320*c**r + 2*c - 3 + 1. Calculate t(1).
-8
Let u(h) = -h + 1. Let j(t) = -8*t - 45. Let g be 118/(-4)*(-5 + 3). Let a = -65 + g. Let o be j(a). Calculate u(o).
-2
Let g(s) = s**2 + 4*s - 4. Let p = -119 - -203. Suppose -p = 6*d + 15*d. What is g(d)?
-4
Let z(t) = t - 3. Let s(u) = 6*u - 22. Let c(o) = -3*s(o) + 20*z(o). What is c(7)?
20
Let j(s) = -10*s + 15. Suppose 0 = -25*x + 31*x + 36. Let n(z) = -9*z + 13. Let g(l) = x*n(l) + 5*j(l). Let u(w) = -w - 1. Let y be u(-6). Give g(y).
17
Let p(j) = -463*j + 153*j + 150*j - j**2 - 6 + 155*j. Let q(w) = w**3 + w**2 - 3. Let f be q(0). What is p(f)?
0
Let q(m) be the third derivative of -m**6/40 - m**5/60 + m**4/8 + m**3/2 + 989*m**2. Calculate q(2).
-19
Let o(v) = -4*v - 17. Let p be o(-5). Let l(q) = -5*q**3 + 0*q**3 + 6*q**3 + 0*q**p + 5*q + 6*q**2 + 9. Let j(d) = -3*d**2 + 9*d - 12. Let u be j(2). Give l(u).
-21
Let b(w) = -16 - 5 - 9*w - 13 - 10 + 5. Determine b(-5).
6
Let u(m) = -4*m + 102. Suppose -50*l = 33*l - 2724 + 483. What is u(l)?
-6
Suppose 9*z + 513 = 66*z. Suppose 0 = t + 5*q - 25, -3*t + 6*t - 4*q = -1. Let p(w) = 2*w**2 + z*w**3 - w**2 - 10*w**3 - 5*w - 6 + t*w**2. Give p(5).
-6
Let q(a) = -a**3 + 8*a**2 - 6*a - 6. Let b(h) = -h**3 + 5*h**2 - h + 14. Let r be b(5). Suppose 317 - 2 = r*o. Suppose 6*y - o = y. Determine q(y).
1
Let n(d) = d - 12. Let v be n(16). Suppose v*t - 34 = 186. Let